{"id":157,"date":"2022-05-05T10:56:58","date_gmt":"2022-05-05T10:56:58","guid":{"rendered":"https:\/\/www.dumainteractiva.com\/web\/?page_id=157"},"modified":"2024-02-21T16:53:55","modified_gmt":"2024-02-21T16:53:55","slug":"contacta-cat","status":"publish","type":"page","link":"https:\/\/www.dumainteractiva.com\/web\/contacta-cat\/","title":{"rendered":"Contacta"},"content":{"rendered":"\n<p>Mitjan\u00e7ant aquest formulari pots enviar-nos qualsevol dubte o sol\u00b7licitud de pressupost i et respondrem el m\u00e9s aviat possible, o si ho prefereixes pots contactar amb nosaltres per tel\u00e8fon&nbsp;(horari d&#8217;oficina).<\/p>\n\n\n\n<div class=\"wp-block-columns is-layout-flex wp-container-core-columns-is-layout-9d6595d7 wp-block-columns-is-layout-flex\">\n<div class=\"wp-block-column is-layout-flow wp-block-column-is-layout-flow\">\n<h4 class=\"wp-block-heading\">Barcelona<\/h4>\n\n\n\n<ul class=\"wp-block-list\">\n<li>&nbsp;C\/Santa Teresa, 39, 1r, 08302 Matar\u00f3 (Barcelona)<\/li>\n\n\n\n<li><a href=\"tel:+34 930 133 503\">+34 930 133 503<\/a><\/li>\n\n\n\n<li><a href=\"tel:+34 606 279 337\">+34 606 279 337<\/a><\/li>\n\n\n\n<li><a href=\"mailto:info@dumainteractiva.com\">info@dumainteractiva.com<\/a><\/li>\n<\/ul>\n\n\n\n<iframe src=\"https:\/\/www.google.com\/maps\/embed?pb=!1m18!1m12!1m3!1d2986.3526370722484!2d2.4380771154305347!3d41.53996137925049!2m3!1f0!2f0!3f0!3m2!1i1024!2i768!4f13.1!3m3!1m2!1s0x12a4b51f56d96147%3A0x294cbce3cddc2701!2sDuma%20Interactiva!5e0!3m2!1ses!2ses!4v1652089532672!5m2!1ses!2ses\" style=\"border:0;\" allowfullscreen=\"\" loading=\"lazy\" referrerpolicy=\"no-referrer-when-downgrade\" width=\"100%\" height=\"200\"><\/iframe>\n\n\n\n<h4 class=\"wp-block-heading\">Murcia<\/h4>\n\n\n\n<ul class=\"wp-block-list\">\n<li>Archena (Murcia)<\/li>\n\n\n\n<li><a href=\"tel:+34 930 133 503\">+34 930 133 503<\/a><\/li>\n\n\n\n<li><a href=\"tel:+34 606 279 337\">+34 606 279 337<\/a><\/li>\n\n\n\n<li><a href=\"mailto:info@dumainteractiva.com\">info@dumainteractiva.com<\/a><\/li>\n<\/ul>\n\n\n\n<iframe src=\"https:\/\/www.google.com\/maps\/embed?pb=!1m18!1m12!1m3!1d12555.952158545459!2d-1.3124207721982797!3d38.117212657070645!2m3!1f0!2f0!3f0!3m2!1i1024!2i768!4f13.1!3m3!1m2!1s0xd647a3e78e55b85%3A0x6dbd706b5c515aaf!2sArchena%2C%20Murcia!5e0!3m2!1ses!2ses!4v1652091172337!5m2!1ses!2ses\" style=\"border:0;\" allowfullscreen=\"\" loading=\"lazy\" referrerpolicy=\"no-referrer-when-downgrade\" width=\"100%\" height=\"200\"><\/iframe>\n<\/div>\n\n\n\n<div class=\"wp-block-column is-layout-flow wp-block-column-is-layout-flow\">\n<div class=\"wp-block-contact-form-7-contact-form-selector\">\n<div class=\"wpcf7 no-js\" id=\"wpcf7-f514-o1\" lang=\"ca\" dir=\"ltr\" data-wpcf7-id=\"514\">\n<div class=\"screen-reader-response\"><p role=\"status\" aria-live=\"polite\" aria-atomic=\"true\"><\/p> <ul><\/ul><\/div>\n<form action=\"\/web\/wp-json\/wp\/v2\/pages\/157#wpcf7-f514-o1\" method=\"post\" class=\"wpcf7-form init\" aria-label=\"Formulari de contacte\" novalidate=\"novalidate\" data-status=\"init\">\n<fieldset class=\"hidden-fields-container\"><input type=\"hidden\" name=\"_wpcf7\" value=\"514\" \/><input type=\"hidden\" name=\"_wpcf7_version\" value=\"6.1.5\" \/><input type=\"hidden\" name=\"_wpcf7_locale\" value=\"ca\" \/><input type=\"hidden\" name=\"_wpcf7_unit_tag\" value=\"wpcf7-f514-o1\" \/><input type=\"hidden\" name=\"_wpcf7_container_post\" value=\"0\" \/><input type=\"hidden\" name=\"_wpcf7_posted_data_hash\" value=\"\" \/><input type=\"hidden\" name=\"_wpcf7_recaptcha_response\" value=\"\" \/>\n<\/fieldset>\n<p><label> Nom *<br \/>\n<span class=\"wpcf7-form-control-wrap\" data-name=\"your-name\"><input size=\"40\" maxlength=\"400\" class=\"wpcf7-form-control wpcf7-text wpcf7-validates-as-required\" autocomplete=\"name\" aria-required=\"true\" aria-invalid=\"false\" value=\"\" type=\"text\" name=\"your-name\" \/><\/span> <\/label>\n<\/p>\n<p><label> Tel\u00e8fon *<br \/>\n<span class=\"wpcf7-form-control-wrap\" data-name=\"your-tel\"><input size=\"40\" maxlength=\"400\" class=\"wpcf7-form-control wpcf7-tel wpcf7-validates-as-required wpcf7-text wpcf7-validates-as-tel\" autocomplete=\"tel\" aria-required=\"true\" aria-invalid=\"false\" value=\"\" type=\"tel\" name=\"your-tel\" \/><\/span> <\/label>\n<\/p>\n<p><label> Email *<br \/>\n<span class=\"wpcf7-form-control-wrap\" data-name=\"your-email\"><input size=\"40\" maxlength=\"400\" class=\"wpcf7-form-control wpcf7-email wpcf7-validates-as-required wpcf7-text wpcf7-validates-as-email\" autocomplete=\"email\" aria-required=\"true\" aria-invalid=\"false\" value=\"\" type=\"email\" name=\"your-email\" \/><\/span> <\/label>\n<\/p>\n<p><label> Assumpte<br \/>\n<span class=\"wpcf7-form-control-wrap\" data-name=\"your-subject\"><input size=\"40\" maxlength=\"400\" class=\"wpcf7-form-control wpcf7-text\" aria-invalid=\"false\" value=\"\" type=\"text\" name=\"your-subject\" \/><\/span> <\/label>\n<\/p>\n<p><label> Consulta *<br \/>\n<span class=\"wpcf7-form-control-wrap\" data-name=\"your-message\"><textarea cols=\"40\" rows=\"10\" maxlength=\"2000\" class=\"wpcf7-form-control wpcf7-textarea wpcf7-validates-as-required\" aria-required=\"true\" aria-invalid=\"false\" name=\"your-message\"><\/textarea><\/span> <\/label>\n<\/p>\n<p><input class=\"wpcf7-form-control wpcf7-submit has-spinner\" type=\"submit\" value=\"Enviar\" \/>\n<\/p>\n<p><span class=\"wpcf7-form-control-wrap\" data-name=\"acceptance-policity\"><span class=\"wpcf7-form-control wpcf7-acceptance\"><span class=\"wpcf7-list-item\"><label><input type=\"checkbox\" name=\"acceptance-policity\" value=\"1\" aria-invalid=\"false\" \/><span class=\"wpcf7-list-item-label\"><strong>Acceptaci\u00f3 de la protecci\u00f3 de dades<\/strong>. En compliment del nou reglament de protecci\u00f3 de dades l'informem que les seves dades personals quedaran incorporades i seran tractades als fitxers de Duma Next, amb la finalitat de poder-li prestar els nostres serveis, aix\u00ed com enviar-li comunicats informatius o comercials. Aix\u00ed mateix, l'informem de la possibilitat que exerceixi els drets d'acc\u00e9s, rectificaci\u00f3, cancel\u00b7laci\u00f3 i oposici\u00f3 de les seves dades de car\u00e0cter personal a <a href=\"mailto:info@dumainteractiva.com\">info@dumainteractiva.com<\/a><\/span><\/label><\/span><\/span><\/span>\n<\/p><div class=\"wpcf7-response-output\" aria-hidden=\"true\"><\/div>\n<\/form>\n<\/div>\n<\/div>\n\n\n\n<p class=\"has-text-align-right has-small-font-size\">Aquest lloc est\u00e0 protegit per reCAPTCHA de Google <a href=\"https:\/\/policies.google.com\/privacy?hl=ca\" target=\"_blank\" rel=\"noreferrer noopener\">Privacitat<\/a> \u00b7 <a href=\"https:\/\/policies.google.com\/terms?hl=ca\" target=\"_blank\" rel=\"noreferrer noopener\">Termes<\/a><\/p>\n<\/div>\n<\/div>\n\n\n\n<!-- Google tag (gtag.js) -->\n<script async src=\"https:\/\/www.googletagmanager.com\/gtag\/js?id=G-JQF4676X45\"><\/script>\n<script>\n  window.dataLayer = window.dataLayer || [];\n  function gtag(){dataLayer.push(arguments);}\n  gtag('js', new Date());\n\n  gtag('config', 'G-JQF4676X45');\n<\/script>\n\n","protected":false},"excerpt":{"rendered":"<p>Mitjan\u00e7ant aquest formulari pots enviar-nos qualsevol dubte o sol\u00b7licitud de pressupost i et respondrem el m\u00e9s aviat possible, o si ho prefereixes pots contactar amb nosaltres per tel\u00e8fon&nbsp;(horari d&#8217;oficina). Barcelona&hellip;<\/p>\n","protected":false},"author":1,"featured_media":7,"parent":0,"menu_order":0,"comment_status":"closed","ping_status":"closed","template":"","meta":{"footnotes":""},"class_list":["post-157","page","type-page","status-publish","has-post-thumbnail","hentry"],"yoast_head":"<!-- This site is optimized with the Yoast SEO plugin v27.5 - https:\/\/yoast.com\/product\/yoast-seo-wordpress\/ -->\n<title>Contacta - Duma Next<\/title>\n<meta name=\"description\" content=\"Contacta amb Duma Next. Pots enviar-nos qualsevol dubte o sol\u00b7licitud de pressupost i et respondrem el m\u00e9s aviat possible.\" \/>\n<meta name=\"robots\" content=\"index, follow, max-snippet:-1, max-image-preview:large, max-video-preview:-1\" \/>\n<link rel=\"canonical\" href=\"https:\/\/www.dumainteractiva.com\/web\/contacta-cat\/\" \/>\n<meta property=\"og:locale\" content=\"es_ES\" \/>\n<meta property=\"og:type\" content=\"article\" \/>\n<meta property=\"og:title\" content=\"Duma Next\" \/>\n<meta property=\"og:description\" content=\"Contacta amb Duma Next. Pots enviar-nos qualsevol dubte o sol\u00b7licitud de pressupost i et respondrem el m\u00e9s aviat possible.\" \/>\n<meta property=\"og:url\" content=\"https:\/\/www.dumainteractiva.com\/web\/contacta-cat\/\" \/>\n<meta property=\"og:site_name\" content=\"Duma Next\" \/>\n<meta property=\"article:publisher\" content=\"https:\/\/www.facebook.com\/dumainteractiva\" \/>\n<meta property=\"article:modified_time\" content=\"2024-02-21T16:53:55+00:00\" \/>\n<meta property=\"og:image\" content=\"https:\/\/www.dumainteractiva.com\/web\/wp-content\/uploads\/2022\/05\/Duma_logo_2022-transparent.png\" \/>\n\t<meta property=\"og:image:width\" content=\"1239\" \/>\n\t<meta property=\"og:image:height\" content=\"836\" \/>\n\t<meta property=\"og:image:type\" content=\"image\/png\" \/>\n<meta name=\"twitter:card\" content=\"summary_large_image\" \/>\n<meta name=\"twitter:title\" content=\"Duma Next\" \/>\n<meta name=\"twitter:description\" content=\"Contacta amb Duma Next. Pots enviar-nos qualsevol dubte o sol\u00b7licitud de pressupost i et respondrem el m\u00e9s aviat possible.\" \/>\n<meta name=\"twitter:image\" content=\"https:\/\/i0.wp.com\/www.dumainteractiva.com\/web\/wp-content\/uploads\/2022\/05\/Duma_logo_2022-transparent.png?fit=1239%2C836&ssl=1\" \/>\n<meta name=\"twitter:label1\" content=\"Tiempo de lectura\" \/>\n\t<meta name=\"twitter:data1\" content=\"1 minuto\" \/>\n<script type=\"application\/ld+json\" class=\"yoast-schema-graph\">{\"@context\":\"https:\\\/\\\/schema.org\",\"@graph\":[{\"@type\":\"WebPage\",\"@id\":\"https:\\\/\\\/www.dumainteractiva.com\\\/web\\\/contacta-cat\\\/\",\"url\":\"https:\\\/\\\/www.dumainteractiva.com\\\/web\\\/contacta-cat\\\/\",\"name\":\"Contacta - Duma Next\",\"isPartOf\":{\"@id\":\"https:\\\/\\\/www.dumainteractiva.com\\\/web\\\/#website\"},\"primaryImageOfPage\":{\"@id\":\"https:\\\/\\\/www.dumainteractiva.com\\\/web\\\/contacta-cat\\\/#primaryimage\"},\"image\":{\"@id\":\"https:\\\/\\\/www.dumainteractiva.com\\\/web\\\/contacta-cat\\\/#primaryimage\"},\"thumbnailUrl\":\"https:\\\/\\\/i0.wp.com\\\/www.dumainteractiva.com\\\/web\\\/wp-content\\\/uploads\\\/2022\\\/05\\\/cropped-duma.jpg?fit=512%2C512&ssl=1\",\"datePublished\":\"2022-05-05T10:56:58+00:00\",\"dateModified\":\"2024-02-21T16:53:55+00:00\",\"description\":\"Contacta amb Duma Next. Pots enviar-nos qualsevol dubte o sol\u00b7licitud de pressupost i et respondrem el m\u00e9s aviat possible.\",\"breadcrumb\":{\"@id\":\"https:\\\/\\\/www.dumainteractiva.com\\\/web\\\/contacta-cat\\\/#breadcrumb\"},\"inLanguage\":\"es\",\"potentialAction\":[{\"@type\":\"ReadAction\",\"target\":[\"https:\\\/\\\/www.dumainteractiva.com\\\/web\\\/contacta-cat\\\/\"]}]},{\"@type\":\"ImageObject\",\"inLanguage\":\"es\",\"@id\":\"https:\\\/\\\/www.dumainteractiva.com\\\/web\\\/contacta-cat\\\/#primaryimage\",\"url\":\"https:\\\/\\\/i0.wp.com\\\/www.dumainteractiva.com\\\/web\\\/wp-content\\\/uploads\\\/2022\\\/05\\\/cropped-duma.jpg?fit=512%2C512&ssl=1\",\"contentUrl\":\"https:\\\/\\\/i0.wp.com\\\/www.dumainteractiva.com\\\/web\\\/wp-content\\\/uploads\\\/2022\\\/05\\\/cropped-duma.jpg?fit=512%2C512&ssl=1\",\"width\":512,\"height\":512},{\"@type\":\"BreadcrumbList\",\"@id\":\"https:\\\/\\\/www.dumainteractiva.com\\\/web\\\/contacta-cat\\\/#breadcrumb\",\"itemListElement\":[{\"@type\":\"ListItem\",\"position\":1,\"name\":\"Portada\",\"item\":\"https:\\\/\\\/www.dumainteractiva.com\\\/web\\\/\"},{\"@type\":\"ListItem\",\"position\":2,\"name\":\"Contacta\"}]},{\"@type\":\"WebSite\",\"@id\":\"https:\\\/\\\/www.dumainteractiva.com\\\/web\\\/#website\",\"url\":\"https:\\\/\\\/www.dumainteractiva.com\\\/web\\\/\",\"name\":\"Duma Next\",\"description\":\"Agencia Interactiva de desarrollo ERP, APP y web multiplataforma\",\"publisher\":{\"@id\":\"https:\\\/\\\/www.dumainteractiva.com\\\/web\\\/#organization\"},\"potentialAction\":[{\"@type\":\"SearchAction\",\"target\":{\"@type\":\"EntryPoint\",\"urlTemplate\":\"https:\\\/\\\/www.dumainteractiva.com\\\/web\\\/?s={search_term_string}\"},\"query-input\":{\"@type\":\"PropertyValueSpecification\",\"valueRequired\":true,\"valueName\":\"search_term_string\"}}],\"inLanguage\":\"es\"},{\"@type\":\"Organization\",\"@id\":\"https:\\\/\\\/www.dumainteractiva.com\\\/web\\\/#organization\",\"name\":\"Duma Next\",\"url\":\"https:\\\/\\\/www.dumainteractiva.com\\\/web\\\/\",\"logo\":{\"@type\":\"ImageObject\",\"inLanguage\":\"es\",\"@id\":\"https:\\\/\\\/www.dumainteractiva.com\\\/web\\\/#\\\/schema\\\/logo\\\/image\\\/\",\"url\":\"https:\\\/\\\/i0.wp.com\\\/www.dumainteractiva.com\\\/web\\\/wp-content\\\/uploads\\\/2022\\\/05\\\/Duma_logo_2022-transparent.png?fit=1239%2C836&ssl=1\",\"contentUrl\":\"https:\\\/\\\/i0.wp.com\\\/www.dumainteractiva.com\\\/web\\\/wp-content\\\/uploads\\\/2022\\\/05\\\/Duma_logo_2022-transparent.png?fit=1239%2C836&ssl=1\",\"width\":1239,\"height\":836,\"caption\":\"Duma Next\"},\"image\":{\"@id\":\"https:\\\/\\\/www.dumainteractiva.com\\\/web\\\/#\\\/schema\\\/logo\\\/image\\\/\"},\"sameAs\":[\"https:\\\/\\\/www.facebook.com\\\/dumainteractiva\"]}]}<\/script>\n<!-- \/ Yoast SEO plugin. -->","yoast_head_json":{"title":"Contacta - Duma Next","description":"Contacta amb Duma Next. Pots enviar-nos qualsevol dubte o sol\u00b7licitud de pressupost i et respondrem el m\u00e9s aviat possible.","robots":{"index":"index","follow":"follow","max-snippet":"max-snippet:-1","max-image-preview":"max-image-preview:large","max-video-preview":"max-video-preview:-1"},"canonical":"https:\/\/www.dumainteractiva.com\/web\/contacta-cat\/","og_locale":"es_ES","og_type":"article","og_title":"Duma Next","og_description":"Contacta amb Duma Next. Pots enviar-nos qualsevol dubte o sol\u00b7licitud de pressupost i et respondrem el m\u00e9s aviat possible.","og_url":"https:\/\/www.dumainteractiva.com\/web\/contacta-cat\/","og_site_name":"Duma Next","article_publisher":"https:\/\/www.facebook.com\/dumainteractiva","article_modified_time":"2024-02-21T16:53:55+00:00","og_image":[{"width":1239,"height":836,"url":"https:\/\/www.dumainteractiva.com\/web\/wp-content\/uploads\/2022\/05\/Duma_logo_2022-transparent.png","type":"image\/png"}],"twitter_card":"summary_large_image","twitter_title":"Duma Next","twitter_description":"Contacta amb Duma Next. Pots enviar-nos qualsevol dubte o sol\u00b7licitud de pressupost i et respondrem el m\u00e9s aviat possible.","twitter_image":"https:\/\/i0.wp.com\/www.dumainteractiva.com\/web\/wp-content\/uploads\/2022\/05\/Duma_logo_2022-transparent.png?fit=1239%2C836&ssl=1","twitter_misc":{"Tiempo de lectura":"1 minuto"},"schema":{"@context":"https:\/\/schema.org","@graph":[{"@type":"WebPage","@id":"https:\/\/www.dumainteractiva.com\/web\/contacta-cat\/","url":"https:\/\/www.dumainteractiva.com\/web\/contacta-cat\/","name":"Contacta - Duma Next","isPartOf":{"@id":"https:\/\/www.dumainteractiva.com\/web\/#website"},"primaryImageOfPage":{"@id":"https:\/\/www.dumainteractiva.com\/web\/contacta-cat\/#primaryimage"},"image":{"@id":"https:\/\/www.dumainteractiva.com\/web\/contacta-cat\/#primaryimage"},"thumbnailUrl":"https:\/\/i0.wp.com\/www.dumainteractiva.com\/web\/wp-content\/uploads\/2022\/05\/cropped-duma.jpg?fit=512%2C512&ssl=1","datePublished":"2022-05-05T10:56:58+00:00","dateModified":"2024-02-21T16:53:55+00:00","description":"Contacta amb Duma Next. Pots enviar-nos qualsevol dubte o sol\u00b7licitud de pressupost i et respondrem el m\u00e9s aviat possible.","breadcrumb":{"@id":"https:\/\/www.dumainteractiva.com\/web\/contacta-cat\/#breadcrumb"},"inLanguage":"es","potentialAction":[{"@type":"ReadAction","target":["https:\/\/www.dumainteractiva.com\/web\/contacta-cat\/"]}]},{"@type":"ImageObject","inLanguage":"es","@id":"https:\/\/www.dumainteractiva.com\/web\/contacta-cat\/#primaryimage","url":"https:\/\/i0.wp.com\/www.dumainteractiva.com\/web\/wp-content\/uploads\/2022\/05\/cropped-duma.jpg?fit=512%2C512&ssl=1","contentUrl":"https:\/\/i0.wp.com\/www.dumainteractiva.com\/web\/wp-content\/uploads\/2022\/05\/cropped-duma.jpg?fit=512%2C512&ssl=1","width":512,"height":512},{"@type":"BreadcrumbList","@id":"https:\/\/www.dumainteractiva.com\/web\/contacta-cat\/#breadcrumb","itemListElement":[{"@type":"ListItem","position":1,"name":"Portada","item":"https:\/\/www.dumainteractiva.com\/web\/"},{"@type":"ListItem","position":2,"name":"Contacta"}]},{"@type":"WebSite","@id":"https:\/\/www.dumainteractiva.com\/web\/#website","url":"https:\/\/www.dumainteractiva.com\/web\/","name":"Duma Next","description":"Agencia Interactiva de desarrollo ERP, APP y web multiplataforma","publisher":{"@id":"https:\/\/www.dumainteractiva.com\/web\/#organization"},"potentialAction":[{"@type":"SearchAction","target":{"@type":"EntryPoint","urlTemplate":"https:\/\/www.dumainteractiva.com\/web\/?s={search_term_string}"},"query-input":{"@type":"PropertyValueSpecification","valueRequired":true,"valueName":"search_term_string"}}],"inLanguage":"es"},{"@type":"Organization","@id":"https:\/\/www.dumainteractiva.com\/web\/#organization","name":"Duma Next","url":"https:\/\/www.dumainteractiva.com\/web\/","logo":{"@type":"ImageObject","inLanguage":"es","@id":"https:\/\/www.dumainteractiva.com\/web\/#\/schema\/logo\/image\/","url":"https:\/\/i0.wp.com\/www.dumainteractiva.com\/web\/wp-content\/uploads\/2022\/05\/Duma_logo_2022-transparent.png?fit=1239%2C836&ssl=1","contentUrl":"https:\/\/i0.wp.com\/www.dumainteractiva.com\/web\/wp-content\/uploads\/2022\/05\/Duma_logo_2022-transparent.png?fit=1239%2C836&ssl=1","width":1239,"height":836,"caption":"Duma Next"},"image":{"@id":"https:\/\/www.dumainteractiva.com\/web\/#\/schema\/logo\/image\/"},"sameAs":["https:\/\/www.facebook.com\/dumainteractiva"]}]}},"jetpack_sharing_enabled":true,"_links":{"self":[{"href":"https:\/\/www.dumainteractiva.com\/web\/wp-json\/wp\/v2\/pages\/157","targetHints":{"allow":["GET"]}}],"collection":[{"href":"https:\/\/www.dumainteractiva.com\/web\/wp-json\/wp\/v2\/pages"}],"about":[{"href":"https:\/\/www.dumainteractiva.com\/web\/wp-json\/wp\/v2\/types\/page"}],"author":[{"embeddable":true,"href":"https:\/\/www.dumainteractiva.com\/web\/wp-json\/wp\/v2\/users\/1"}],"replies":[{"embeddable":true,"href":"https:\/\/www.dumainteractiva.com\/web\/wp-json\/wp\/v2\/comments?post=157"}],"version-history":[{"count":18,"href":"https:\/\/www.dumainteractiva.com\/web\/wp-json\/wp\/v2\/pages\/157\/revisions"}],"predecessor-version":[{"id":2200,"href":"https:\/\/www.dumainteractiva.com\/web\/wp-json\/wp\/v2\/pages\/157\/revisions\/2200"}],"wp:featuredmedia":[{"embeddable":true,"href":"https:\/\/www.dumainteractiva.com\/web\/wp-json\/wp\/v2\/media\/7"}],"wp:attachment":[{"href":"https:\/\/www.dumainteractiva.com\/web\/wp-json\/wp\/v2\/media?parent=157"}],"curies":[{"name":"wp","href":"https:\/\/api.w.org\/{rel}","templated":true}]}}