{"id":2346,"date":"2025-07-15T10:31:49","date_gmt":"2025-07-15T10:31:49","guid":{"rendered":"https:\/\/www.dumainteractiva.com\/web\/?page_id=2346"},"modified":"2025-07-15T10:48:04","modified_gmt":"2025-07-15T10:48:04","slug":"menjadors-escolars","status":"publish","type":"page","link":"https:\/\/www.dumainteractiva.com\/web\/solucions\/menjadors-escolars\/","title":{"rendered":"Menjadors escolars"},"content":{"rendered":"\t\t<div data-elementor-type=\"wp-page\" data-elementor-id=\"2346\" class=\"elementor elementor-2346\">\n\t\t\t\t\t\t<section class=\"elementor-section elementor-top-section elementor-element elementor-element-7c80589a elementor-section-boxed elementor-section-height-default elementor-section-height-default\" data-id=\"7c80589a\" data-element_type=\"section\" data-e-type=\"section\">\n\t\t\t\t\t\t<div class=\"elementor-container elementor-column-gap-default\">\n\t\t\t\t\t<div class=\"elementor-column elementor-col-100 elementor-top-column elementor-element elementor-element-6c5cbb6\" data-id=\"6c5cbb6\" data-element_type=\"column\" data-e-type=\"column\">\n\t\t\t<div class=\"elementor-widget-wrap elementor-element-populated\">\n\t\t\t\t\t\t<div class=\"elementor-element elementor-element-4925b3e6 elementor-widget elementor-widget-text-editor\" data-id=\"4925b3e6\" data-element_type=\"widget\" data-e-type=\"widget\" data-widget_type=\"text-editor.default\">\n\t\t\t\t<div class=\"elementor-widget-container\">\n\t\t\t\t\t\t\t\t\t<p><\/p>\n<h2 class=\"wp-block-heading has-text-align-center\"><strong>APP MENJADOR<\/strong><\/h2><h2 class=\"wp-block-heading has-text-align-center\"><strong>App + Programa de gesti\u00f3 al n\u00favol<\/strong><\/h2>\n<p><\/p>\n<div class=\"wp-block-spacer\" style=\"height: 50px;\" aria-hidden=\"true\">&nbsp;<\/div>\n<p><\/p>\n<p><strong>Aplicaci\u00f3 f\u00e0cil i intu\u00eftiva per consultar tot all\u00f2 relacionat amb la gesti\u00f3 dels menjadors escolars per a empreses de c\u00e0terings.<\/strong><\/p><strong>\n<\/strong><p><strong><\/strong>La nostra aplicaci\u00f3 est\u00e0 dissenyada per oferir una experi\u00e8ncia senzilla, clara i intu\u00eftiva, tant per a fam\u00edlies com per al personal educatiu i de cuina. Som una empresa amb m\u00e9s de 20 anys treballant en el sector educatiu.<\/p>\n<p><\/p>\n<div class=\"wp-block-spacer\" style=\"height: 50px;\" aria-hidden=\"true\">&nbsp;<\/div>\n<p><\/p>\n<div class=\"wp-block-columns is-layout-flex wp-container-core-columns-is-layout-9d6595d7 wp-block-columns-is-layout-flex\"><p><\/p>\n<div class=\"wp-block-column is-layout-flow wp-block-column-is-layout-flow\" style=\"flex-basis: 150px;\">&nbsp;<\/div>\n<p><\/p>\n<div class=\"wp-block-column is-layout-flow wp-block-column-is-layout-flow\"><p><\/p>\n<p class=\"has-text-align-center has-white-color has-vivid-cyan-blue-background-color has-text-color has-background\"><strong>M\u00e9s de 400 centres educatius ja confien en els nostres serveis<\/strong><\/p>\n<p><\/p><\/div>\n<p><\/p>\n<div class=\"wp-block-column is-layout-flow wp-block-column-is-layout-flow\" style=\"flex-basis: 150px;\">&nbsp;<\/div>\n<p><\/p><\/div>\n<p><\/p>\n<div class=\"wp-block-spacer\" style=\"height: 50px;\" aria-hidden=\"true\">&nbsp;<\/div>\n<p><\/p>\n<p>Des d&#8217;una \u00fanica plataforma, \u00e9s possible consultar i gestionar tota la informaci\u00f3 relacionada amb els menjadors escolars:<\/p>\n<p><\/p>\n<p>\u2713 Planificador&nbsp;de <strong>men\u00fas amb informaci\u00f3 nutricional<\/strong> i gesti\u00f3 de dietes especials amb possibles al\u00b7lergens.<\/p>\n<p><\/p>\n<p>\u2713 <strong>Registre d&#8217;assist\u00e8ncia al menjador<\/strong>. Assignaci\u00f3 i anul\u00b7laci\u00f3 al calendari des de l&#8217;App.<\/p>\n<p><\/p>\n<p>\u2713 <strong>Pagaments i rebuts<\/strong> f\u00e0cilment accessibles des de l&#8217;App, amb pagaments TPV, generaci\u00f3 de rebuts SEPE, importaci\u00f3 d&#8217;impagats.<\/p>\n<p><\/p>\n<p>\u2713 <strong>Comunicaci\u00f3 directa amb la coordinaci\u00f3 del menjador<\/strong>.<\/p>\n<p><\/p>\n<p>\u2713 Informes sobre l&#8217;\u00fas del menjador.<\/p>\n<p><\/p>\n<p>\u2713 <strong>Notificacions i avisos importants<\/strong>, enviament de missatges gratu\u00efts a fam\u00edlies individuals o per grups, amb arxius adjunts, confirmaci\u00f3 de lectura i possibilitat de resposta.<\/p>\n<p><\/p>\n<p>\u2713 I altres funcions com: signatura d&#8217;autoritzacions digitals, llistat de documents, agenda escolar, control horari de treballadors (fitxar), App multi idioma, App multi escola, etc.<\/p>\n<p><\/p>\n<p>Tot aix\u00f2 amb una interf\u00edcie moderna, adaptada a dispositius m\u00f2bils i pensada per a facilitar el dia a dia de les fam\u00edlies i els centres educatius.<\/p>\n<p><\/p>\n<div class=\"wp-block-spacer\" style=\"height: 50px;\" aria-hidden=\"true\">&nbsp;<\/div>\n<p><\/p>\n<h2 class=\"wp-block-heading has-text-align-center\"><strong>La millor App en gesti\u00f3 i comunicaci\u00f3 per a menjadors escolars<br><\/strong><\/h2>\n<p><\/p>\n<p class=\"has-text-align-center\">Si voleu una demo del sistema o demanar m\u00e9s informacio contacteu amb nosaltres:<\/p>\n<p><\/p>\n<h3 class=\"wp-block-heading has-text-align-center\"><u><\/u><strong><u><a href=\"https:\/\/www.edugestio.com\/web\/?page_id=75\"><strong><u>Contacte ComunicApp Edu<\/u><\/strong><\/a><\/u><\/strong><\/h3>\n<p><\/p>\n<div class=\"wp-block-columns is-layout-flex wp-container-core-columns-is-layout-9d6595d7 wp-block-columns-is-layout-flex\"><p><\/p>\n<div class=\"wp-block-column has-white-color has-vivid-cyan-blue-background-color has-text-color has-background is-layout-flow wp-block-column-is-layout-flow\"><p><\/p>\n<div class=\"wp-block-spacer\" style=\"height: 50px;\" aria-hidden=\"true\">&nbsp;<\/div>\n<p><\/p>\n<h3 class=\"wp-block-heading has-text-align-center has-white-color has-text-color\">&gt;&gt; Desenvolupem&nbsp;<strong>Apps a mida<\/strong><\/h3>\n<p><\/p>\n<h6 class=\"wp-block-heading has-text-align-center has-white-color has-text-color\"><strong><strong>Disseny a mida de l\u2019App<\/strong>, amb el vostre logo, colors i disseny de botons personalitzats.<\/strong><\/h6>\n<p><div class=\"wp-block-image\"><\/p>\n<figure class=\"aligncenter size-full is-resized\"><img decoding=\"async\" data-recalc-dims=\"1\" class=\"wp-image-1043\" style=\"width: 250px;\" src=\"https:\/\/i0.wp.com\/www.edugestio.com\/web\/wp-content\/uploads\/2025\/07\/Menjador.jpg?ssl=1\" alt=\"\"><\/figure>\n<p><\/div><\/p>\n<div class=\"wp-block-spacer\" style=\"height: 50px;\" aria-hidden=\"true\">&nbsp;<\/div>\n<p><\/p>\n<div class=\"wp-block-buttons is-layout-flex wp-block-buttons-is-layout-flex\"><p><\/p>\n<div class=\"wp-block-button aligncenter\"><a class=\"wp-block-button__link has-vivid-cyan-blue-color has-white-background-color has-text-color has-background wp-element-button\" href=\"https:\/\/www.edugestio.com\/web\/app-a-mida-per-a-escoles\/\">Veure m\u00e9s informaci\u00f3<\/a><\/div>\n<p><\/p><\/div>\n<p><\/p>\n<div class=\"wp-block-spacer\" style=\"height: 50px;\" aria-hidden=\"true\">&nbsp;<\/div>\n<p><\/p><\/div>\n<p><\/p>\n<div class=\"wp-block-column has-white-color has-vivid-cyan-blue-background-color has-text-color has-background is-layout-flow wp-block-column-is-layout-flow\"><p><\/p>\n<div class=\"wp-block-spacer\" style=\"height: 50px;\" aria-hidden=\"true\">&nbsp;<\/div>\n<p><\/p>\n<h3 class=\"wp-block-heading has-text-align-center has-white-color has-text-color\">&gt;&gt;&nbsp;<strong>ComunicApp Edu<\/strong><\/h3>\n<p><\/p>\n<h6 class=\"wp-block-heading has-text-align-center has-white-color has-text-color\">L\u2019App est\u00e0ndard amb el sistema m\u00e9s avan\u00e7at de comunicaci\u00f3 i gesti\u00f3 escolar.<\/h6>\n<p><div class=\"wp-block-image\"><\/p>\n<figure class=\"aligncenter size-full is-resized\"><img decoding=\"async\" data-recalc-dims=\"1\" class=\"wp-image-1045\" style=\"width: 250px;\" src=\"https:\/\/i0.wp.com\/www.edugestio.com\/web\/wp-content\/uploads\/2025\/07\/ComunicAPP-Edu-CAT.jpg?ssl=1\" alt=\"\"><\/figure>\n<p><\/div><\/p>\n<div class=\"wp-block-spacer\" style=\"height: 50px;\" aria-hidden=\"true\">&nbsp;<\/div>\n<p><\/p>\n<div class=\"wp-block-buttons is-layout-flex wp-block-buttons-is-layout-flex\"><p><\/p>\n<div class=\"wp-block-button aligncenter\"><a class=\"wp-block-button__link has-vivid-cyan-blue-color has-white-background-color has-text-color has-background wp-element-button\" href=\"https:\/\/www.edugestio.com\/web\/comunicapp-edu\/\">Veure m\u00e9s informaci\u00f3<\/a><\/div>\n<p><\/p><\/div>\n<p><\/p>\n<div class=\"wp-block-spacer\" style=\"height: 50px;\" aria-hidden=\"true\">&nbsp;<\/div>\n<p><\/p><\/div>\n<p><\/p><\/div>\n<p><\/p>\n<p><\/p>\n<p class=\"has-text-align-center\">Per a m\u00e9s informaci\u00f3 poseu-vos en contacte amb nosaltres.<\/p>\n<p><\/p>\n<p class=\"has-text-align-center\"><strong>Tel. 930.133.503<\/strong><\/p>\n<p><\/p>\n<p class=\"has-text-align-center\"><a href=\"mailto:info@dumainteractiva.com\"><strong>info@dumainteractiva.com<\/strong><\/a><\/p><p class=\"has-text-align-center\"><br><\/p>\n<p><\/p>\t\t\t\t\t\t\t\t<\/div>\n\t\t\t\t<\/div>\n\t\t\t\t\t<\/div>\n\t\t<\/div>\n\t\t\t\t\t<\/div>\n\t\t<\/section>\n\t\t\t\t<\/div>\n\t\t","protected":false},"excerpt":{"rendered":"<p>APP MENJADOR App + Programa de gesti\u00f3 al n\u00favol Aplicaci\u00f3 f\u00e0cil i intu\u00eftiva per consultar tot all\u00f2 relacionat amb la gesti\u00f3 dels menjadors escolars per a empreses de c\u00e0terings. La&hellip;<\/p>\n","protected":false},"author":1,"featured_media":0,"parent":1716,"menu_order":0,"comment_status":"closed","ping_status":"closed","template":"","meta":{"footnotes":""},"class_list":["post-2346","page","type-page","status-publish","hentry"],"yoast_head":"<!-- This site is optimized with the Yoast SEO plugin v27.2 - https:\/\/yoast.com\/product\/yoast-seo-wordpress\/ -->\n<title>Menjadors escolars - Duma Next<\/title>\n<meta name=\"robots\" content=\"index, follow, max-snippet:-1, max-image-preview:large, max-video-preview:-1\" \/>\n<link rel=\"canonical\" href=\"https:\/\/www.dumainteractiva.com\/web\/solucions\/menjadors-escolars\/\" \/>\n<meta property=\"og:locale\" content=\"es_ES\" \/>\n<meta property=\"og:type\" content=\"article\" \/>\n<meta property=\"og:title\" content=\"Menjadors escolars - Duma Next\" \/>\n<meta property=\"og:description\" content=\"APP MENJADOR App + Programa de gesti\u00f3 al n\u00favol Aplicaci\u00f3 f\u00e0cil i intu\u00eftiva per consultar tot all\u00f2 relacionat amb la gesti\u00f3 dels menjadors escolars per a empreses de c\u00e0terings. La&hellip;\" \/>\n<meta property=\"og:url\" content=\"https:\/\/www.dumainteractiva.com\/web\/solucions\/menjadors-escolars\/\" \/>\n<meta property=\"og:site_name\" content=\"Duma Next\" \/>\n<meta property=\"article:publisher\" content=\"https:\/\/www.facebook.com\/dumainteractiva\" \/>\n<meta property=\"article:modified_time\" content=\"2025-07-15T10:48:04+00:00\" \/>\n<meta property=\"og:image\" content=\"https:\/\/www.edugestio.com\/web\/wp-content\/uploads\/2025\/07\/Menjador.jpg\" \/>\n<meta name=\"twitter:card\" content=\"summary_large_image\" \/>\n<meta name=\"twitter:label1\" content=\"Tiempo de lectura\" \/>\n\t<meta name=\"twitter:data1\" content=\"2 minutos\" \/>\n<script type=\"application\/ld+json\" class=\"yoast-schema-graph\">{\"@context\":\"https:\/\/schema.org\",\"@graph\":[{\"@type\":\"WebPage\",\"@id\":\"https:\/\/www.dumainteractiva.com\/web\/solucions\/menjadors-escolars\/\",\"url\":\"https:\/\/www.dumainteractiva.com\/web\/solucions\/menjadors-escolars\/\",\"name\":\"Menjadors escolars - Duma Next\",\"isPartOf\":{\"@id\":\"https:\/\/www.dumainteractiva.com\/web\/#website\"},\"primaryImageOfPage\":{\"@id\":\"https:\/\/www.dumainteractiva.com\/web\/solucions\/menjadors-escolars\/#primaryimage\"},\"image\":{\"@id\":\"https:\/\/www.dumainteractiva.com\/web\/solucions\/menjadors-escolars\/#primaryimage\"},\"thumbnailUrl\":\"https:\/\/www.edugestio.com\/web\/wp-content\/uploads\/2025\/07\/Menjador.jpg\",\"datePublished\":\"2025-07-15T10:31:49+00:00\",\"dateModified\":\"2025-07-15T10:48:04+00:00\",\"breadcrumb\":{\"@id\":\"https:\/\/www.dumainteractiva.com\/web\/solucions\/menjadors-escolars\/#breadcrumb\"},\"inLanguage\":\"es\",\"potentialAction\":[{\"@type\":\"ReadAction\",\"target\":[\"https:\/\/www.dumainteractiva.com\/web\/solucions\/menjadors-escolars\/\"]}]},{\"@type\":\"ImageObject\",\"inLanguage\":\"es\",\"@id\":\"https:\/\/www.dumainteractiva.com\/web\/solucions\/menjadors-escolars\/#primaryimage\",\"url\":\"https:\/\/www.edugestio.com\/web\/wp-content\/uploads\/2025\/07\/Menjador.jpg\",\"contentUrl\":\"https:\/\/www.edugestio.com\/web\/wp-content\/uploads\/2025\/07\/Menjador.jpg\"},{\"@type\":\"BreadcrumbList\",\"@id\":\"https:\/\/www.dumainteractiva.com\/web\/solucions\/menjadors-escolars\/#breadcrumb\",\"itemListElement\":[{\"@type\":\"ListItem\",\"position\":1,\"name\":\"Portada\",\"item\":\"https:\/\/www.dumainteractiva.com\/web\/\"},{\"@type\":\"ListItem\",\"position\":2,\"name\":\"Solucions\",\"item\":\"https:\/\/www.dumainteractiva.com\/web\/ca\/solucions\/\"},{\"@type\":\"ListItem\",\"position\":3,\"name\":\"Menjadors escolars\"}]},{\"@type\":\"WebSite\",\"@id\":\"https:\/\/www.dumainteractiva.com\/web\/#website\",\"url\":\"https:\/\/www.dumainteractiva.com\/web\/\",\"name\":\"Duma Next\",\"description\":\"Agencia Interactiva de programaci\u00f3n ERP, desarrollo App y dise\u00f1o web multiplataforma\",\"publisher\":{\"@id\":\"https:\/\/www.dumainteractiva.com\/web\/#organization\"},\"potentialAction\":[{\"@type\":\"SearchAction\",\"target\":{\"@type\":\"EntryPoint\",\"urlTemplate\":\"https:\/\/www.dumainteractiva.com\/web\/?s={search_term_string}\"},\"query-input\":{\"@type\":\"PropertyValueSpecification\",\"valueRequired\":true,\"valueName\":\"search_term_string\"}}],\"inLanguage\":\"es\"},{\"@type\":\"Organization\",\"@id\":\"https:\/\/www.dumainteractiva.com\/web\/#organization\",\"name\":\"Duma Next\",\"url\":\"https:\/\/www.dumainteractiva.com\/web\/\",\"logo\":{\"@type\":\"ImageObject\",\"inLanguage\":\"es\",\"@id\":\"https:\/\/www.dumainteractiva.com\/web\/#\/schema\/logo\/image\/\",\"url\":\"https:\/\/i0.wp.com\/www.dumainteractiva.com\/web\/wp-content\/uploads\/2022\/05\/Duma_logo_2022-transparent.png?fit=1239%2C836&ssl=1\",\"contentUrl\":\"https:\/\/i0.wp.com\/www.dumainteractiva.com\/web\/wp-content\/uploads\/2022\/05\/Duma_logo_2022-transparent.png?fit=1239%2C836&ssl=1\",\"width\":1239,\"height\":836,\"caption\":\"Duma Next\"},\"image\":{\"@id\":\"https:\/\/www.dumainteractiva.com\/web\/#\/schema\/logo\/image\/\"},\"sameAs\":[\"https:\/\/www.facebook.com\/dumainteractiva\"]}]}<\/script>\n<!-- \/ Yoast SEO plugin. -->","yoast_head_json":{"title":"Menjadors escolars - Duma Next","robots":{"index":"index","follow":"follow","max-snippet":"max-snippet:-1","max-image-preview":"max-image-preview:large","max-video-preview":"max-video-preview:-1"},"canonical":"https:\/\/www.dumainteractiva.com\/web\/solucions\/menjadors-escolars\/","og_locale":"es_ES","og_type":"article","og_title":"Menjadors escolars - Duma Next","og_description":"APP MENJADOR App + Programa de gesti\u00f3 al n\u00favol Aplicaci\u00f3 f\u00e0cil i intu\u00eftiva per consultar tot all\u00f2 relacionat amb la gesti\u00f3 dels menjadors escolars per a empreses de c\u00e0terings. La&hellip;","og_url":"https:\/\/www.dumainteractiva.com\/web\/solucions\/menjadors-escolars\/","og_site_name":"Duma Next","article_publisher":"https:\/\/www.facebook.com\/dumainteractiva","article_modified_time":"2025-07-15T10:48:04+00:00","og_image":[{"url":"https:\/\/www.edugestio.com\/web\/wp-content\/uploads\/2025\/07\/Menjador.jpg","type":"","width":"","height":""}],"twitter_card":"summary_large_image","twitter_misc":{"Tiempo de lectura":"2 minutos"},"schema":{"@context":"https:\/\/schema.org","@graph":[{"@type":"WebPage","@id":"https:\/\/www.dumainteractiva.com\/web\/solucions\/menjadors-escolars\/","url":"https:\/\/www.dumainteractiva.com\/web\/solucions\/menjadors-escolars\/","name":"Menjadors escolars - Duma Next","isPartOf":{"@id":"https:\/\/www.dumainteractiva.com\/web\/#website"},"primaryImageOfPage":{"@id":"https:\/\/www.dumainteractiva.com\/web\/solucions\/menjadors-escolars\/#primaryimage"},"image":{"@id":"https:\/\/www.dumainteractiva.com\/web\/solucions\/menjadors-escolars\/#primaryimage"},"thumbnailUrl":"https:\/\/www.edugestio.com\/web\/wp-content\/uploads\/2025\/07\/Menjador.jpg","datePublished":"2025-07-15T10:31:49+00:00","dateModified":"2025-07-15T10:48:04+00:00","breadcrumb":{"@id":"https:\/\/www.dumainteractiva.com\/web\/solucions\/menjadors-escolars\/#breadcrumb"},"inLanguage":"es","potentialAction":[{"@type":"ReadAction","target":["https:\/\/www.dumainteractiva.com\/web\/solucions\/menjadors-escolars\/"]}]},{"@type":"ImageObject","inLanguage":"es","@id":"https:\/\/www.dumainteractiva.com\/web\/solucions\/menjadors-escolars\/#primaryimage","url":"https:\/\/www.edugestio.com\/web\/wp-content\/uploads\/2025\/07\/Menjador.jpg","contentUrl":"https:\/\/www.edugestio.com\/web\/wp-content\/uploads\/2025\/07\/Menjador.jpg"},{"@type":"BreadcrumbList","@id":"https:\/\/www.dumainteractiva.com\/web\/solucions\/menjadors-escolars\/#breadcrumb","itemListElement":[{"@type":"ListItem","position":1,"name":"Portada","item":"https:\/\/www.dumainteractiva.com\/web\/"},{"@type":"ListItem","position":2,"name":"Solucions","item":"https:\/\/www.dumainteractiva.com\/web\/ca\/solucions\/"},{"@type":"ListItem","position":3,"name":"Menjadors escolars"}]},{"@type":"WebSite","@id":"https:\/\/www.dumainteractiva.com\/web\/#website","url":"https:\/\/www.dumainteractiva.com\/web\/","name":"Duma Next","description":"Agencia Interactiva de programaci\u00f3n ERP, desarrollo App y dise\u00f1o web multiplataforma","publisher":{"@id":"https:\/\/www.dumainteractiva.com\/web\/#organization"},"potentialAction":[{"@type":"SearchAction","target":{"@type":"EntryPoint","urlTemplate":"https:\/\/www.dumainteractiva.com\/web\/?s={search_term_string}"},"query-input":{"@type":"PropertyValueSpecification","valueRequired":true,"valueName":"search_term_string"}}],"inLanguage":"es"},{"@type":"Organization","@id":"https:\/\/www.dumainteractiva.com\/web\/#organization","name":"Duma Next","url":"https:\/\/www.dumainteractiva.com\/web\/","logo":{"@type":"ImageObject","inLanguage":"es","@id":"https:\/\/www.dumainteractiva.com\/web\/#\/schema\/logo\/image\/","url":"https:\/\/i0.wp.com\/www.dumainteractiva.com\/web\/wp-content\/uploads\/2022\/05\/Duma_logo_2022-transparent.png?fit=1239%2C836&ssl=1","contentUrl":"https:\/\/i0.wp.com\/www.dumainteractiva.com\/web\/wp-content\/uploads\/2022\/05\/Duma_logo_2022-transparent.png?fit=1239%2C836&ssl=1","width":1239,"height":836,"caption":"Duma Next"},"image":{"@id":"https:\/\/www.dumainteractiva.com\/web\/#\/schema\/logo\/image\/"},"sameAs":["https:\/\/www.facebook.com\/dumainteractiva"]}]}},"jetpack_sharing_enabled":true,"_links":{"self":[{"href":"https:\/\/www.dumainteractiva.com\/web\/wp-json\/wp\/v2\/pages\/2346","targetHints":{"allow":["GET"]}}],"collection":[{"href":"https:\/\/www.dumainteractiva.com\/web\/wp-json\/wp\/v2\/pages"}],"about":[{"href":"https:\/\/www.dumainteractiva.com\/web\/wp-json\/wp\/v2\/types\/page"}],"author":[{"embeddable":true,"href":"https:\/\/www.dumainteractiva.com\/web\/wp-json\/wp\/v2\/users\/1"}],"replies":[{"embeddable":true,"href":"https:\/\/www.dumainteractiva.com\/web\/wp-json\/wp\/v2\/comments?post=2346"}],"version-history":[{"count":8,"href":"https:\/\/www.dumainteractiva.com\/web\/wp-json\/wp\/v2\/pages\/2346\/revisions"}],"predecessor-version":[{"id":2366,"href":"https:\/\/www.dumainteractiva.com\/web\/wp-json\/wp\/v2\/pages\/2346\/revisions\/2366"}],"up":[{"embeddable":true,"href":"https:\/\/www.dumainteractiva.com\/web\/wp-json\/wp\/v2\/pages\/1716"}],"wp:attachment":[{"href":"https:\/\/www.dumainteractiva.com\/web\/wp-json\/wp\/v2\/media?parent=2346"}],"curies":[{"name":"wp","href":"https:\/\/api.w.org\/{rel}","templated":true}]}}